{"id":1140,"date":"2026-03-04T20:09:39","date_gmt":"2026-03-04T19:09:39","guid":{"rendered":"https:\/\/hotellucrezia.com\/le-jardin\/"},"modified":"2026-03-11T15:03:21","modified_gmt":"2026-03-11T14:03:21","slug":"le-jardin","status":"publish","type":"page","link":"https:\/\/hotellucrezia.com\/fr\/le-jardin\/","title":{"rendered":"Le jardin"},"content":{"rendered":"<p>[et_pb_section fb_built=\u00a0\u00bb1&Prime; _builder_version=\u00a0\u00bb4.27.6&Prime; _module_preset=\u00a0\u00bbdefault\u00a0\u00bb background_image=\u00a0\u00bbhttps:\/\/hotellucrezia.com\/wp-content\/uploads\/2026\/03\/hotellucrezia_garden_DSC_3531.jpg\u00a0\u00bb locked=\u00a0\u00bboff\u00a0\u00bb global_colors_info=\u00a0\u00bb{}\u00a0\u00bb][et_pb_row _builder_version=\u00a0\u00bb4.27.6&Prime; _module_preset=\u00a0\u00bbdefault\u00a0\u00bb global_colors_info=\u00a0\u00bb{}\u00a0\u00bb][et_pb_column type=\u00a0\u00bb4_4&Prime; _builder_version=\u00a0\u00bb4.27.6&Prime; _module_preset=\u00a0\u00bbdefault\u00a0\u00bb global_colors_info=\u00a0\u00bb{}\u00a0\u00bb][et_pb_cta title=\u00a0\u00bb@ET-DC@eyJkeW5hbWljIjp0cnVlLCJjb250ZW50IjoicG9zdF90aXRsZSIsInNldHRpbmdzIjp7ImJlZm9yZSI6IiIsImFmdGVyIjoiIn19@\u00a0\u00bb _builder_version=\u00a0\u00bb4.27.6&Prime; _dynamic_attributes=\u00a0\u00bbtitle\u00a0\u00bb _module_preset=\u00a0\u00bbdefault\u00a0\u00bb header_level=\u00a0\u00bbh1&Prime; header_font=\u00a0\u00bb|||on|||||\u00a0\u00bb header_text_align=\u00a0\u00bbleft\u00a0\u00bb body_font=\u00a0\u00bb|||on|||||\u00a0\u00bb background_enable_color=\u00a0\u00bboff\u00a0\u00bb text_orientation=\u00a0\u00bbleft\u00a0\u00bb global_colors_info=\u00a0\u00bb{}\u00a0\u00bb][\/et_pb_cta][\/et_pb_column][\/et_pb_row][\/et_pb_section][et_pb_section fb_built=\u00a0\u00bb1&Prime; _builder_version=\u00a0\u00bb4.16&Prime; global_colors_info=\u00a0\u00bb{}\u00a0\u00bb][et_pb_row _builder_version=\u00a0\u00bb4.27.6&Prime; background_size=\u00a0\u00bbinitial\u00a0\u00bb background_position=\u00a0\u00bbtop_left\u00a0\u00bb background_repeat=\u00a0\u00bbrepeat\u00a0\u00bb custom_padding=\u00a0\u00bb0px||||false|false\u00a0\u00bb global_colors_info=\u00a0\u00bb{}\u00a0\u00bb][et_pb_column type=\u00a0\u00bb4_4&Prime; _builder_version=\u00a0\u00bb4.16&Prime; custom_padding=\u00a0\u00bb|||\u00a0\u00bb global_colors_info=\u00a0\u00bb{}\u00a0\u00bb custom_padding__hover=\u00a0\u00bb|||\u00a0\u00bb][et_pb_text _builder_version=\u00a0\u00bb4.27.6&Prime; background_size=\u00a0\u00bbinitial\u00a0\u00bb background_position=\u00a0\u00bbtop_left\u00a0\u00bb background_repeat=\u00a0\u00bbrepeat\u00a0\u00bb global_colors_info=\u00a0\u00bb{}\u00a0\u00bb]Le jardin de l\u2019Hotel Lucrezia est n\u00e9 de l\u2019id\u00e9e d\u2019un designer de jardins et d\u2019un architecte paysagiste, qui l\u2019ont con\u00e7u selon leur vision du \u00ab nouveau jardin m\u00e9diterran\u00e9en \u00bb. L\u2019impact visuel spectaculaire est obtenu par les structures et les formes, plut\u00f4t que par la combinaison traditionnelle de tons et de couleurs.<br \/>\u00ab En rentrant \u00e0 l\u2019h\u00f4tel apr\u00e8s une journ\u00e9e immerg\u00e9e dans les beaut\u00e9s du Sinis, explique Leo Minniti, l\u2019architecte paysagiste, nous ne voulions pas que tout s\u2019arr\u00eate d\u2019un coup : dans la petite cour\u2011oasis, le dialogue avec le paysage environnant devait continuer \u00e0 murmurer ; un \u201csoft landing\u201d, un atterrissage tout en douceur. \u00bb[\/et_pb_text][\/et_pb_column][\/et_pb_row][et_pb_row use_custom_gutter=\u00a0\u00bbon\u00a0\u00bb gutter_width=\u00a0\u00bb2&Prime; _builder_version=\u00a0\u00bb4.27.6&Prime; _module_preset=\u00a0\u00bbdefault\u00a0\u00bb custom_margin=\u00a0\u00bb||||false|false\u00a0\u00bb custom_padding=\u00a0\u00bb||0px||false|false\u00a0\u00bb hover_enabled=\u00a0\u00bb0&Prime; global_colors_info=\u00a0\u00bb{}\u00a0\u00bb custom_padding_last_edited=\u00a0\u00bbon|desktop\u00a0\u00bb sticky_enabled=\u00a0\u00bb0&Prime; custom_padding_phone=\u00a0\u00bb0px||||false|false\u00a0\u00bb custom_padding_tablet=\u00a0\u00bb||0px||false|false\u00a0\u00bb][et_pb_column type=\u00a0\u00bb4_4&Prime; _builder_version=\u00a0\u00bb4.27.6&Prime; _module_preset=\u00a0\u00bbdefault\u00a0\u00bb global_colors_info=\u00a0\u00bb{}\u00a0\u00bb][et_pb_gallery gallery_ids=\u00a0\u00bb1126,1127,1089,1128,1129,1130,1131,1132,1133&Prime; posts_number=\u00a0\u00bb9&Prime; show_title_and_caption=\u00a0\u00bboff\u00a0\u00bb show_pagination=\u00a0\u00bboff\u00a0\u00bb zoom_icon_color=\u00a0\u00bb#891002&Prime; _builder_version=\u00a0\u00bb4.27.6&Prime; _module_preset=\u00a0\u00bbdefault\u00a0\u00bb custom_margin=\u00a0\u00bb||||false|false\u00a0\u00bb custom_padding=\u00a0\u00bb||||true|false\u00a0\u00bb locked=\u00a0\u00bboff\u00a0\u00bb global_colors_info=\u00a0\u00bb{}\u00a0\u00bb][\/et_pb_gallery][\/et_pb_column][\/et_pb_row][\/et_pb_section]<\/p>\n","protected":false},"excerpt":{"rendered":"<p>Le jardin de l\u2019Hotel Lucrezia est n\u00e9 de l\u2019id\u00e9e d\u2019un designer de jardins et d\u2019un architecte paysagiste, qui l\u2019ont con\u00e7u selon leur vision du \u00ab nouveau jardin m\u00e9diterran\u00e9en \u00bb. L\u2019impact visuel spectaculaire est obtenu par les structures et les formes, plut\u00f4t que par la combinaison traditionnelle de tons et de couleurs.\u00ab En rentrant \u00e0 l\u2019h\u00f4tel [&hellip;]<\/p>\n","protected":false},"author":1,"featured_media":0,"parent":0,"menu_order":0,"comment_status":"closed","ping_status":"closed","template":"","meta":{"_et_pb_use_builder":"on","_et_pb_old_content":"","_et_gb_content_width":"","footnotes":""},"class_list":["post-1140","page","type-page","status-publish","hentry"],"yoast_head":"<!-- This site is optimized with the Yoast SEO plugin v27.4 - https:\/\/yoast.com\/product\/yoast-seo-wordpress\/ -->\n<title>Le jardin | Hotel Lucrezia<\/title>\n<meta name=\"robots\" content=\"index, follow, max-snippet:-1, max-image-preview:large, max-video-preview:-1\" \/>\n<link rel=\"canonical\" href=\"https:\/\/hotellucrezia.com\/fr\/le-jardin\/\" \/>\n<meta property=\"og:locale\" content=\"fr_FR\" \/>\n<meta property=\"og:type\" content=\"article\" \/>\n<meta property=\"og:title\" content=\"Le jardin | Hotel Lucrezia\" \/>\n<meta property=\"og:description\" content=\"Le jardin de l\u2019Hotel Lucrezia est n\u00e9 de l\u2019id\u00e9e d\u2019un designer de jardins et d\u2019un architecte paysagiste, qui l\u2019ont con\u00e7u selon leur vision du \u00ab nouveau jardin m\u00e9diterran\u00e9en \u00bb. L\u2019impact visuel spectaculaire est obtenu par les structures et les formes, plut\u00f4t que par la combinaison traditionnelle de tons et de couleurs.\u00ab En rentrant \u00e0 l\u2019h\u00f4tel [&hellip;]\" \/>\n<meta property=\"og:url\" content=\"https:\/\/hotellucrezia.com\/fr\/le-jardin\/\" \/>\n<meta property=\"og:site_name\" content=\"Hotel Lucrezia\" \/>\n<meta property=\"article:publisher\" content=\"https:\/\/www.facebook.com\/hotellucrezia\/\" \/>\n<meta property=\"article:modified_time\" content=\"2026-03-11T14:03:21+00:00\" \/>\n<meta name=\"twitter:card\" content=\"summary_large_image\" \/>\n<meta name=\"twitter:label1\" content=\"Dur\u00e9e de lecture estim\u00e9e\" \/>\n\t<meta name=\"twitter:data1\" content=\"2 minutes\" \/>\n<script type=\"application\/ld+json\" class=\"yoast-schema-graph\">{\"@context\":\"https:\\\/\\\/schema.org\",\"@graph\":[{\"@type\":\"WebPage\",\"@id\":\"https:\\\/\\\/hotellucrezia.com\\\/fr\\\/le-jardin\\\/\",\"url\":\"https:\\\/\\\/hotellucrezia.com\\\/fr\\\/le-jardin\\\/\",\"name\":\"Le jardin | Hotel Lucrezia\",\"isPartOf\":{\"@id\":\"https:\\\/\\\/hotellucrezia.com\\\/fr\\\/#website\"},\"datePublished\":\"2026-03-04T19:09:39+00:00\",\"dateModified\":\"2026-03-11T14:03:21+00:00\",\"breadcrumb\":{\"@id\":\"https:\\\/\\\/hotellucrezia.com\\\/fr\\\/le-jardin\\\/#breadcrumb\"},\"inLanguage\":\"fr-FR\",\"potentialAction\":[{\"@type\":\"ReadAction\",\"target\":[\"https:\\\/\\\/hotellucrezia.com\\\/fr\\\/le-jardin\\\/\"]}]},{\"@type\":\"BreadcrumbList\",\"@id\":\"https:\\\/\\\/hotellucrezia.com\\\/fr\\\/le-jardin\\\/#breadcrumb\",\"itemListElement\":[{\"@type\":\"ListItem\",\"position\":1,\"name\":\"Home\",\"item\":\"https:\\\/\\\/hotellucrezia.com\\\/fr\\\/home-lucrezia\\\/\"},{\"@type\":\"ListItem\",\"position\":2,\"name\":\"Le jardin\"}]},{\"@type\":\"WebSite\",\"@id\":\"https:\\\/\\\/hotellucrezia.com\\\/fr\\\/#website\",\"url\":\"https:\\\/\\\/hotellucrezia.com\\\/fr\\\/\",\"name\":\"Hotel Lucrezia\",\"description\":\"Boutique Hotel in Sardegna\",\"alternateName\":\"Hotel di charm in Sardegna\",\"potentialAction\":[{\"@type\":\"SearchAction\",\"target\":{\"@type\":\"EntryPoint\",\"urlTemplate\":\"https:\\\/\\\/hotellucrezia.com\\\/fr\\\/?s={search_term_string}\"},\"query-input\":{\"@type\":\"PropertyValueSpecification\",\"valueRequired\":true,\"valueName\":\"search_term_string\"}}],\"inLanguage\":\"fr-FR\"}]}<\/script>\n<!-- \/ Yoast SEO plugin. -->","yoast_head_json":{"title":"Le jardin | Hotel Lucrezia","robots":{"index":"index","follow":"follow","max-snippet":"max-snippet:-1","max-image-preview":"max-image-preview:large","max-video-preview":"max-video-preview:-1"},"canonical":"https:\/\/hotellucrezia.com\/fr\/le-jardin\/","og_locale":"fr_FR","og_type":"article","og_title":"Le jardin | Hotel Lucrezia","og_description":"Le jardin de l\u2019Hotel Lucrezia est n\u00e9 de l\u2019id\u00e9e d\u2019un designer de jardins et d\u2019un architecte paysagiste, qui l\u2019ont con\u00e7u selon leur vision du \u00ab nouveau jardin m\u00e9diterran\u00e9en \u00bb. L\u2019impact visuel spectaculaire est obtenu par les structures et les formes, plut\u00f4t que par la combinaison traditionnelle de tons et de couleurs.\u00ab En rentrant \u00e0 l\u2019h\u00f4tel [&hellip;]","og_url":"https:\/\/hotellucrezia.com\/fr\/le-jardin\/","og_site_name":"Hotel Lucrezia","article_publisher":"https:\/\/www.facebook.com\/hotellucrezia\/","article_modified_time":"2026-03-11T14:03:21+00:00","twitter_card":"summary_large_image","twitter_misc":{"Dur\u00e9e de lecture estim\u00e9e":"2 minutes"},"schema":{"@context":"https:\/\/schema.org","@graph":[{"@type":"WebPage","@id":"https:\/\/hotellucrezia.com\/fr\/le-jardin\/","url":"https:\/\/hotellucrezia.com\/fr\/le-jardin\/","name":"Le jardin | Hotel Lucrezia","isPartOf":{"@id":"https:\/\/hotellucrezia.com\/fr\/#website"},"datePublished":"2026-03-04T19:09:39+00:00","dateModified":"2026-03-11T14:03:21+00:00","breadcrumb":{"@id":"https:\/\/hotellucrezia.com\/fr\/le-jardin\/#breadcrumb"},"inLanguage":"fr-FR","potentialAction":[{"@type":"ReadAction","target":["https:\/\/hotellucrezia.com\/fr\/le-jardin\/"]}]},{"@type":"BreadcrumbList","@id":"https:\/\/hotellucrezia.com\/fr\/le-jardin\/#breadcrumb","itemListElement":[{"@type":"ListItem","position":1,"name":"Home","item":"https:\/\/hotellucrezia.com\/fr\/home-lucrezia\/"},{"@type":"ListItem","position":2,"name":"Le jardin"}]},{"@type":"WebSite","@id":"https:\/\/hotellucrezia.com\/fr\/#website","url":"https:\/\/hotellucrezia.com\/fr\/","name":"Hotel Lucrezia","description":"Boutique Hotel in Sardegna","alternateName":"Hotel di charm in Sardegna","potentialAction":[{"@type":"SearchAction","target":{"@type":"EntryPoint","urlTemplate":"https:\/\/hotellucrezia.com\/fr\/?s={search_term_string}"},"query-input":{"@type":"PropertyValueSpecification","valueRequired":true,"valueName":"search_term_string"}}],"inLanguage":"fr-FR"}]}},"_links":{"self":[{"href":"https:\/\/hotellucrezia.com\/fr\/wp-json\/wp\/v2\/pages\/1140","targetHints":{"allow":["GET"]}}],"collection":[{"href":"https:\/\/hotellucrezia.com\/fr\/wp-json\/wp\/v2\/pages"}],"about":[{"href":"https:\/\/hotellucrezia.com\/fr\/wp-json\/wp\/v2\/types\/page"}],"author":[{"embeddable":true,"href":"https:\/\/hotellucrezia.com\/fr\/wp-json\/wp\/v2\/users\/1"}],"replies":[{"embeddable":true,"href":"https:\/\/hotellucrezia.com\/fr\/wp-json\/wp\/v2\/comments?post=1140"}],"version-history":[{"count":8,"href":"https:\/\/hotellucrezia.com\/fr\/wp-json\/wp\/v2\/pages\/1140\/revisions"}],"predecessor-version":[{"id":2127,"href":"https:\/\/hotellucrezia.com\/fr\/wp-json\/wp\/v2\/pages\/1140\/revisions\/2127"}],"wp:attachment":[{"href":"https:\/\/hotellucrezia.com\/fr\/wp-json\/wp\/v2\/media?parent=1140"}],"curies":[{"name":"wp","href":"https:\/\/api.w.org\/{rel}","templated":true}]}}

<p>[et_pb_section fb_built= »1&Prime; _builder_version= »4.27.6&Prime; _module_preset= »default » background_image= »https://hotellucrezia.com/wp-content/uploads/2026/03/hotellucrezia_garden_DSC_3531.jpg » locked= »off » global_colors_info= »{} »][et_pb_row _builder_version= »4.27.6&Prime; _module_preset= »default » global_colors_info= »{} »][et_pb_column type= »4_4&Prime; _builder_version= »4.27.6&Prime; _module_preset= »default » global_colors_info= »{} »][et_pb_cta title= »@ET-DC@eyJkeW5hbWljIjp0cnVlLCJjb250ZW50IjoicG9zdF90aXRsZSIsInNldHRpbmdzIjp7ImJlZm9yZSI6IiIsImFmdGVyIjoiIn19@ » _builder_version= »4.27.6&Prime; _dynamic_attributes= »title » _module_preset= »default » header_level= »h1&Prime; header_font= »|||on||||| » header_text_align= »left » body_font= »|||on||||| » background_enable_color= »off » text_orientation= »left » global_colors_info= »{} »][/et_pb_cta][/et_pb_column][/et_pb_row][/et_pb_section][et_pb_section fb_built= »1&Prime; _builder_version= »4.16&Prime; global_colors_info= »{} »][et_pb_row _builder_version= »4.27.6&Prime; background_size= »initial » background_position= »top_left » background_repeat= »repeat » custom_padding= »0px||||false|false » global_colors_info= »{} »][et_pb_column type= »4_4&Prime; _builder_version= »4.16&Prime; custom_padding= »||| » global_colors_info= »{} » custom_padding__hover= »||| »][et_pb_text _builder_version= »4.27.6&Prime; background_size= »initial » background_position= »top_left » background_repeat= »repeat » global_colors_info= »{} »]Le jardin de l’Hotel Lucrezia est né de l’idée d’un designer de jardins et d’un architecte paysagiste, qui l’ont conçu selon leur vision du « nouveau jardin méditerranéen ». L’impact visuel spectaculaire est obtenu par les structures et les formes, plutôt que par la combinaison traditionnelle de tons et de couleurs.<br />« En rentrant à l’hôtel après une journée immergée dans les beautés du Sinis, explique Leo Minniti, l’architecte paysagiste, nous ne voulions pas que tout s’arrête d’un coup : dans la petite cour‑oasis, le dialogue avec le paysage environnant devait continuer à murmurer ; un “soft landing”, un atterrissage tout en douceur. »[/et_pb_text][/et_pb_column][/et_pb_row][et_pb_row use_custom_gutter= »on » gutter_width= »2&Prime; _builder_version= »4.27.6&Prime; _module_preset= »default » custom_margin= »||||false|false » custom_padding= »||0px||false|false » hover_enabled= »0&Prime; global_colors_info= »{} » custom_padding_last_edited= »on|desktop » sticky_enabled= »0&Prime; custom_padding_phone= »0px||||false|false » custom_padding_tablet= »||0px||false|false »][et_pb_column type= »4_4&Prime; _builder_version= »4.27.6&Prime; _module_preset= »default » global_colors_info= »{} »][et_pb_gallery gallery_ids= »1126,1127,1089,1128,1129,1130,1131,1132,1133&Prime; posts_number= »9&Prime; show_title_and_caption= »off » show_pagination= »off » zoom_icon_color= »#891002&Prime; _builder_version= »4.27.6&Prime; _module_preset= »default » custom_margin= »||||false|false » custom_padding= »||||true|false » locked= »off » global_colors_info= »{} »][/et_pb_gallery][/et_pb_column][/et_pb_row][/et_pb_section]</p>

<p>Le jardin de l’Hotel Lucrezia est né de l’idée d’un designer de jardins et d’un architecte paysagiste, qui l’ont conçu selon leur vision du « nouveau jardin méditerranéen ». L’impact visuel spectaculaire est obtenu par les structures et les formes, plutôt que par la combinaison traditionnelle de tons et de couleurs.« En rentrant à l’hôtel [&hellip;]</p>

<!-- This site is optimized with the Yoast SEO plugin v27.4 - https://yoast.com/product/yoast-seo-wordpress/ -->
<title>Le jardin | Hotel Lucrezia</title>
<meta name="robots" content="index, follow, max-snippet:-1, max-image-preview:large, max-video-preview:-1" />
<link rel="canonical" href="https://hotellucrezia.com/fr/le-jardin/" />
<meta property="og:locale" content="fr_FR" />
<meta property="og:type" content="article" />
<meta property="og:title" content="Le jardin | Hotel Lucrezia" />
<meta property="og:description" content="Le jardin de l’Hotel Lucrezia est né de l’idée d’un designer de jardins et d’un architecte paysagiste, qui l’ont conçu selon leur vision du « nouveau jardin méditerranéen ». L’impact visuel spectaculaire est obtenu par les structures et les formes, plutôt que par la combinaison traditionnelle de tons et de couleurs.« En rentrant à l’hôtel [&hellip;]" />
<meta property="og:url" content="https://hotellucrezia.com/fr/le-jardin/" />
<meta property="og:site_name" content="Hotel Lucrezia" />
<meta property="article:publisher" content="https://www.facebook.com/hotellucrezia/" />
<meta property="article:modified_time" content="2026-03-11T14:03:21+00:00" />
<meta name="twitter:card" content="summary_large_image" />
<meta name="twitter:label1" content="Durée de lecture estimée" />
	<meta name="twitter:data1" content="2 minutes" />
<script type="application/ld+json" class="yoast-schema-graph">{"@context":"https:\/\/schema.org","@graph":[{"@type":"WebPage","@id":"https:\/\/hotellucrezia.com\/fr\/le-jardin\/","url":"https:\/\/hotellucrezia.com\/fr\/le-jardin\/","name":"Le jardin | Hotel Lucrezia","isPartOf":{"@id":"https:\/\/hotellucrezia.com\/fr\/#website"},"datePublished":"2026-03-04T19:09:39+00:00","dateModified":"2026-03-11T14:03:21+00:00","breadcrumb":{"@id":"https:\/\/hotellucrezia.com\/fr\/le-jardin\/#breadcrumb"},"inLanguage":"fr-FR","potentialAction":[{"@type":"ReadAction","target":["https:\/\/hotellucrezia.com\/fr\/le-jardin\/"]}]},{"@type":"BreadcrumbList","@id":"https:\/\/hotellucrezia.com\/fr\/le-jardin\/#breadcrumb","itemListElement":[{"@type":"ListItem","position":1,"name":"Home","item":"https:\/\/hotellucrezia.com\/fr\/home-lucrezia\/"},{"@type":"ListItem","position":2,"name":"Le jardin"}]},{"@type":"WebSite","@id":"https:\/\/hotellucrezia.com\/fr\/#website","url":"https:\/\/hotellucrezia.com\/fr\/","name":"Hotel Lucrezia","description":"Boutique Hotel in Sardegna","alternateName":"Hotel di charm in Sardegna","potentialAction":[{"@type":"SearchAction","target":{"@type":"EntryPoint","urlTemplate":"https:\/\/hotellucrezia.com\/fr\/?s={search_term_string}"},"query-input":{"@type":"PropertyValueSpecification","valueRequired":true,"valueName":"search_term_string"}}],"inLanguage":"fr-FR"}]}</script>
<!-- / Yoast SEO plugin. -->

Le jardin de l’Hotel Lucrezia est né de l’idée d’un designer de jardins et d’un architecte paysagiste, qui l’ont conçu selon leur vision du « nouveau jardin méditerranéen ». L’impact visuel spectaculaire est obtenu par les structures et les formes, plutôt que par la combinaison traditionnelle de tons et de couleurs.« En rentrant à l’hôtel [&hellip;]
